022?
-1303000020
In base 2, what is -11001101100111100 - -1001?
-11001101100110011
In base 2, what is -10010010111001011010111010 - 101?
-10010010111001011010111111
In base 9, what is -6037 - 7711?
-14748
In base 5, what is -1321 - 413231104?
-413232430
In base 15, what is 0 - ac9c073?
-ac9c073
In base 7, what is -1552544 - -256?
-1552255
In base 8, what is -210210 + 1654?
-206334
In base 4, what is -10 - 20101011101?
-20101011111
In base 7, what is -5 - -23661654?
23661646
In base 11, what is -285 + -533234?
-533509
In base 16, what is 72966 + 4d?
729b3
In base 5, what is 12 - -200304234?
200304301
In base 16, what is 304bb + -1c?
3049f
In base 9, what is -4701647 - 0?
-4701647
In base 5, what is -1120 + -33220330?
-33222000
In base 15, what is -9 - 20b68b2?
-20b68bb
In base 12, what is 21921b0 + -4?
21921a8
In base 5, what is 4420034213 - 1?
4420034212
In base 15, what is 25d9 - 56?
2583
In base 16, what is 24d - 67286?
-67039
In base 5, what is 420402 + 40320?
1011222
In base 6, what is -2512 - 431235?
-434151
In base 5, what is 12243233 + -12014?
12231214
In base 4, what is 10220 - -3023011122?
3023022002
In base 4, what is -31221 - -21301111?
21203230
In base 12, what is -1b0a956 + -1?
-1b0a957
In base 14, what is -36d6 + -aab?
-43a3
In base 10, what is -6122 - 9835?
-15957
In base 3, what is -210210020012011101 + 0?
-210210020012011101
In base 5, what is -30232 - 10432?
-41214
In base 7, what is -131416064 + -5?
-131416102
In base 6, what is 3 - 25534014005?
-25534014002
In base 13, what is -11595 - -22bc?
-c2a6
In base 7, what is -5 - 216154665?
-216155003
In base 2, what is 1000001101000111000011 - 10?
1000001101000111000001
In base 4, what is -100121222131 - -2010?
-100121220121
In base 8, what is -1421 - -14203?
12562
In base 3, what is 21122100001110122 + 0?
21122100001110122
In base 6, what is -220445 - 12500?
-233345
In base 10, what is -1 + -314383150?
-314383151
In base 2, what is -10110110101100101 + 10110000100?
-10110011111100001
In base 6, what is -420105322 + -34?
-420105400
In base 8, what is 4 + 436346753?
436346757
In base 14, what is 12 + -47255?
-47243
In base 10, what is -1610 + -22383?
-23993
In base 12, what is a49b7 + 436?
a5231
In base 14, what is -d65 - 2638?
-359d
In base 4, what is -321331133032 - -232?
-321331132200
In base 10, what is -4 - 51823106?
-51823110
In base 13, what is -559 - -203b64?
203608
In base 16, what is -67d + 581f?
51a2
In base 13, what is -b82b - -ba3?
-a958
In base 12, what is -2 + 2516383?
2516381
In base 6, what is 13 + 21020553254?
21020553311
In base 11, what is 1735a041 + 24?
1735a065
In base 6, what is 5422235 + 433?
5423112
In base 11, what is 25 + -6697289?
-6697264
In base 4, what is 1220321303 - -31?
1220322000
In base 12, what is 1a26a4 + 5?
1a26a9
In base 16, what is -d + e1406e?
e14061
In base 7, what is 342 + 102606?
103251
In base 8, what is -222154234 - 17?
-222154253
In base 15, what is 13 + -d654be?
-d654ab
In base 13, what is -1464007 + -2?
-1464009
In base 11, what is -42a432 + -40?
-42a472
In base 13, what is 2c80362 + 4?
2c80366
In base 16, what is 7b56d8 - -6?
7b56de
In base 6, what is -4421 + -52221?
-101042
In base 12, what is 12256511 + -4?
12256509
In base 7, what is -4 + 1111631601?
1111631564
In base 11, what is 83749 - 145?
83604
In base 15, what is -13ec - -295ea?
281ed
In base 16, what is 2123af + -2?
2123ad
In base 6, what is 0 + -1030255150?
-1030255150
In base 2, what is 101111011 - 11001101010000101?
-11001100100001010
In base 8, what is -45 + -153521376?
-153521443
In base 5, what is -210133221 - -3331?
-210124340
In base 2, what is -11000010000 + -1001010111110?
-1100011001110
In base 14, what is 5 + -1a646c45?
-1a646c40
In base 9, what is 7082584248 - -1?
7082584250
In base 12, what is 457 + 3903?
415a
In base 9, what is 30855 - 1111?
28744
In base 10, what is 4 + 2498372?
2498376
In base 11, what is 2099 - 861a2?
-84104
In base 16, what is -a6239 - 8?
-a6241
In base 14, what is 9661 + 1184?
a805
In base 9, what is -5468 + 86788?
81320
In base 4, what is -220023 + -1201?
-221230
In base 14, what is 47139935 + -2?
47139933
In base 2, what is -1110111 + 1001010001001010?
1001001111010011
In base 14, what is 244 - -d24d7?
d273b
In base 11, what is 9374 + 144a1?
22865
In base 2, what is 11 - -1100111001010000001000000?
1100111001010000001000011
In base 7, what is -1015 - 305163?
-306211
In base 12, what is 254a34 - -311?
255145
In base 2, what is 111 - -100111110110100100100010?
100111110110100100101001
In base 7, what is 1223235511 - 0?
1223235511
In base 13, what is 72983 + -62?
72921
In base 15, what is -43b42 - -a16?
-4312b
In base 7, what is 156462540 + 5?
156462545
In base 4, what is -102212 - -33112210?
33003332
In base 10, what is -28 - -50803?
50775
In base 4, what is 2033 - -1111113323?
1111122022
In base 9, what is -2651430 - 88?
-2651528
In base 13, what is -4 - 52401a?
-524021
In base 6, what is -3 - -201340121?
201340114
In base 5, what is 3122 + 23134?
31311
In base 8, what is 44616 - -1750?
46566
In base 12, what is 42ba66 + 9a?
42bb44
In base 3, what is -122 - 2212012222010111?
-2212012222011010
In base 16, what is -662 - -616?
-4c
In base 10, what is -160 + 46316?
46156
In base 5, what is -12101041131 + 3?
-12101041123
In base 15, what is 116444a + 3?
116444d
In base 14, what is 27760 - -1b2?
27932
In base 6, what is -15500334 + 201?
-15500133
In base 6, what is -453412524 - -12?
-453412512
In base 13, what is -10 - -8c76c?
8c75c
In base 5, what is -10424 - -3221231?
3210302
In base 2, what is 100001111110100010001111 + -110?
100001111110100010001001
In base 16, what is -3fd338 + -b?
-3fd343
In base 3, what is -222100100211221 + -2?
-222100100212000
In base 14, what is -18532b - -152?
-1851b9
In base 16, what is a316 - 31d4?
7142
In base 7, what is -345052212 + 2?
-345052210
In base 13, what is -3 - -18242aa?
18242a7
In base 13, what is 694ab983 + -2?
694ab981
In base 12, what is -36b + -5104?
-5473
In base 2, what is 11110010011110011101 + -1100011?
11110010011100111010
In base 5, what is -432 - -102030431?
102024444
In base 4, what is 21330 - -1130202133?
1130230123
In base 13, what is -6830765 + 7?
-683075b
In base 7, what is 6112425 - -35?
6112463
In base 8, what is -65124670 - 1?
-65124671
In base 12, what is 770 - -412a3?
41a53
In base 5, what is -133 - 14210122?
-14210310
In base 5, what is 112 - 113014440?
-113014323
In base 15, what is ede10 - 2e?
eddd1
In base 4, what is 310203 - -232310?
1203113
In base 15, what is a2 + 56c19?
56cbb
In base 5, what is 1240434334 + -2244?
1240432040
In base 9, what is 1770 - -22046?
23826
In base 6, what is -14 - 3514310033?
-3514310051
In base 3, what is 2 + -120011010001111?
-120011010001102
In base 12, what is -14342 + -14b3?
-15835
In base 3, what is -222000 - -100122221221?
100121222221
In base 8, what is 2153470 + 311?
2154001
In base 12, what is 39187529b - -1?
3918752a0
In base 14, what is 8a397 - -4?
8a39b
In base 4, what is 1 - -20000120331?
20000120332
In base 14, what is -1 - 6846d72?
-6846d73
In base 5, what is -11 - 21212033413?
-21212033424
In base 2, what is 1101000101011101100 - 111110110?
1101000100011110110
In base 13, what is -26b0b2c + 0?
-26b0b2c
In base 5, what is -34 + 443111131?
443111042
In base 7, what is 401 - -4232346?
4233050
In base 13, what is -19a + 1113a4?
111207
In base 10, what is 230341 - 120?
230221
In base 4, what is 222112303312 - -2?
222112303320
In base 4, what is -3220000 + -3022?
-3223022
In base 15, what is 93 + -11b084?
-11aee1
In base 14, what is -5d11252 - 1?
-5d11253
In base 3, what is -20002112222111202 + -12?
-20002112222111221
In base 12, what is -20 - 209a33a?
-209a35a
In base 7, what is 4 - 5014031322?
-5014031315
In base 8, what is -161 - 242607?
-242770
In base 10, what is 5 - -160029373?
160029378
In base 13, what is 40 - -57722?
57762
In base 14, what is -1b052 + -54?
-1b0a6
In base 16, what is -1 + c52bbf7?
c52bbf6
In base 2, what is -10100001100111110010110 + 1?
-10100001100111110010101
In base 8, what is -7 - -1634054?
1634045
In base 9, what is -155822 + -14?
-155836
In base 7, what is 100 - 331054?
-330654
In base 15, what is -89 - 1d864?
-1d8ed
In base 13, what is 1392a18 - -a?
1392a25
In base 14, what is 23637 + d?
23646
In 